actor of 185 and 15?
5
Calculate the greatest common divisor of 47 and 329.
47
Calculate the highest common factor of 45 and 7335.
45
What is the highest common factor of 156 and 22074?
78
What is the greatest common factor of 80 and 30?
10
Calculate the greatest common divisor of 999 and 81.
27
Calculate the highest common factor of 34 and 16.
2
What is the greatest common factor of 260 and 1755?
65
What is the greatest common factor of 28 and 17276?
28
What is the greatest common divisor of 176 and 44?
44
What is the highest common factor of 165 and 15?
15
What is the greatest common divisor of 1513 and 979?
89
What is the highest common divisor of 681 and 3?
3
Calculate the greatest common divisor of 57 and 8949.
57
Calculate the highest common divisor of 21 and 301.
7
Calculate the highest common divisor of 60 and 810.
30
Calculate the highest common factor of 78 and 2184.
78
What is the greatest common divisor of 1111 and 101?
101
Calculate the highest common divisor of 9 and 4896.
9
What is the greatest common factor of 76 and 4104?
76
Calculate the greatest common factor of 129 and 33.
3
Calculate the greatest common divisor of 1425 and 171.
57
What is the highest common divisor of 1254 and 11?
11
What is the highest common factor of 4488 and 72?
24
Calculate the highest common factor of 6912 and 32.
32
Calculate the greatest common factor of 64 and 48.
16
Calculate the greatest common factor of 40 and 450.
10
What is the highest common divisor of 912 and 48?
48
What is the highest common factor of 49 and 77?
7
What is the greatest common factor of 2000 and 528?
16
Calculate the greatest common divisor of 18 and 32.
2
Calculate the highest common divisor of 28928 and 256.
256
What is the highest common factor of 201 and 469?
67
What is the highest common factor of 20 and 2180?
20
What is the greatest common factor of 332 and 8?
4
Calculate the highest common factor of 3751 and 62.
31
What is the highest common factor of 412 and 8?
4
What is the highest common factor of 546 and 5811?
39
What is the highest common factor of 20 and 14860?
20
Calculate the highest common divisor of 64 and 20.
4
What is the greatest common divisor of 108 and 72?
36
What is the highest common divisor of 160 and 256?
32
Calculate the highest common factor of 1246 and 445.
89
Calculate the highest common factor of 8690 and 110.
110
What is the highest common divisor of 15 and 295?
5
What is the greatest common factor of 17 and 833?
17
Calculate the highest common factor of 94 and 329.
47
What is the greatest common divisor of 97 and 16781?
97
What is the highest common divisor of 93 and 124?
31
What is the greatest common divisor of 990 and 54?
18
What is the greatest common factor of 2466 and 18?
18
What is the greatest common divisor of 180 and 252?
36
What is the highest common divisor of 114 and 1539?
57
Calculate the greatest common divisor of 26 and 91.
13
Calculate the highest common divisor of 1950 and 750.
150
Calculate the greatest common factor of 13 and 11.
1
What is the greatest common divisor of 20 and 190?
10
What is the greatest common factor of 2140 and 5?
5
What is the highest common factor of 118 and 13393?
59
Calculate the greatest common factor of 12 and 660.
12
What is the highest common factor of 104 and 2548?
52
What is the highest common divisor of 50 and 550?
50
What is the highest common divisor of 7 and 7?
7
What is the greatest common divisor of 176 and 396?
44
What is the greatest common factor of 5 and 565?
5
Calculate the greatest common factor of 344 and 56.
8
Calculate the greatest common factor of 68 and 34.
34
Calculate the highest common factor of 1755 and 130.
65
Calculate the greatest common divisor of 64 and 136.
8
What is the highest common factor of 28 and 1442?
14
What is the highest common divisor of 135 and 225?
45
Calculate the greatest common factor of 876 and 24.
12
Calculate the highest common factor of 13 and 39.
13
Calculate the highest common factor of 576 and 72.
72
Calculate the greatest common divisor of 38 and 190.
38
Calculate the highest common factor of 21 and 12.
3
Calculate the greatest common factor of 1280 and 10.
10
Calculate the highest common factor of 825 and 75.
75
Calculate the greatest common divisor of 3608 and 11.
11
What is the highest common factor of 486 and 90?
18
What is the highest common factor of 34 and 16439?
17
Calculate the highest common divisor of 57 and 228.
57
What is the greatest common divisor of 688 and 16?
16
Calculate the greatest common factor of 21 and 651.
21
What is the highest common divisor of 36 and 333?
9
What is the highest common factor of 184 and 212?
4
Calculate the greatest common factor of 85 and 493.
17
What is the highest common factor of 114 and 9006?
114
Calculate the greatest common factor of 17724 and 84.
84
Calculate the greatest common factor of 69 and 276.
69
Calculate the greatest common factor of 225 and 21150.
225
Calculate the greatest common factor of 95 and 38.
19
What is the highest common factor of 25 and 375?
25
Calculate the highest common factor of 127 and 62230.
127
Calculate the greatest common factor of 312 and 24.
24
What is the greatest common divisor of 88 and 242?
22
What is the greatest common divisor of 20 and 100?
20
What is the highest common divisor of 189 and 7?
7
What is the highest common factor of 50 and 2620?
10
Calculate the highest common divisor of 32 and 184.
8
What is the greatest common factor of 6 and 42?
6
What is the highest common divisor of 102 and 170?
34
What is the greatest common factor of 37 and 1591?
37
Calculate the greatest common divisor of 4169 and 11.
11
Calculate the greatest common divisor of 341 and 11.
11
Calculate the highest common divisor of 39 and 10959.
39
Calculate the highest common factor of 902 and 123.
41
Calculate the highest common factor of 945 and 1755.
135
What is the greatest common divisor of 650 and 150?
50
Calculate the greatest common factor of 272 and 6936.
136
Calculate the highest common divisor of 4 and 51.
1
Calculate the highest common factor of 3601 and 13.
13
Calculate the highest common divisor of 692 and 100.
4
Calculate the highest common divisor of 1088 and 64.
64
What is the highest common divisor of 100 and 60?
20
Calculate the greatest common divisor of 6 and 10.
2
Calculate the highest common factor of 75 and 10025.
25
What is the highest common divisor of 152 and 57?
19
What is the highest common factor of 92 and 4?
4
Calculate the greatest common factor of 36 and 1212.
12
Calculate the highest common divisor of 1590 and 3.
3
What is the greatest common divisor of 102 and 918?
102
Calculate the greatest common divisor of 168 and 224.
56
What is the greatest common factor of 130 and 312?
26
Calculate the highest common divisor of 4843 and 58.
29
What is the greatest common divisor of 540 and 20?
20
What is the greatest common divisor of 21816 and 24?
24
Calculate the greatest common factor of 37 and 2997.
37
What is the greatest common divisor of 4847 and 111?
37
Calculate the greatest common divisor of 136 and 374.
34
What is the highest common factor of 680 and 50?
10
What is the highest common divisor of 8379 and 19?
19
What is the greatest common factor of 60 and 580?
20
What is the greatest common divisor of 42 and 14?
14
What is the highest common factor of 8 and 1352?
8
What is the highest common factor of 7031 and 623?
89
What is the highest common factor of 72 and 405?
9
What is the greatest common factor of 14 and 1001?
7
Calculate the highest common factor of 648 and 567.
81
What is the greatest common divisor of 39 and 637?
13
What is the highest common factor of 41 and 1?
1
What is the greatest common divisor of 859 and 2?
1
Calculate the greatest common divisor of 1326 and 52.
26
What is the greatest common factor of 232 and 16?
8
Calculate the highest common factor of 2716 and 518.
14
Calculate the highest common divisor of 147 and 42.
21
Calculate the highest common factor of 968 and 32.
8
What is the greatest common divisor of 1197 and 4275?
171
Calculate the greatest common factor of 565 and 1017.
113
Calculate the greatest common factor of 247 and 117.
13
Calculate the highest common divisor of 1600 and 2960.
80
Calculate the greatest c